be the third derivative of -i**6/120 - i**5/10 + 7*i**4/24 - 7*i**3/6 - 24*i**2. Calculate y(-7).
-7
Let w(p) = -p**2 - p - 1. Let q(f) = -f**3 + 15*f**2 - 6*f + 13. Let i(b) = q(b) + 5*w(b). What is i(9)?
-10
Let c(y) = -4*y**2 + 2*y - 16. Let v(g) = -3*g**2 + g - 7. Let a(k) = k**2 + 1. Let w(p) = -2*a(p) - v(p). Let t(f) = -2*c(f) - 7*w(f). Give t(-3).
-3
Let c(a) be the third derivative of a**6/120 - a**5/12 - 3*a**4/8 + a**3 + 21*a**2 - 1. What is c(6)?
-12
Let f(x) = -7*x + 2*x**3 + 38 + 30 - 3*x**3 + 33 - 99 - 8*x**2. Calculate f(-5).
-38
Let c = 26 - 18. Let q(o) = 7*o**2 + 0*o**3 + 5 - o**3 + 2*o + 6*o + 1. Calculate q(c).
6
Let k(u) = -7*u - 7. Let n(a) = 2*a + 4. Let q(c) = -k(c) - 3*n(c). Suppose -5*l + 3 = 2*f - 10*l, -4*f = 4*l + 8. Let r be ((-1)/(-3))/(f/(-15)). What is q(r)?
0
Let z(b) = 92 + 95 - 278 + 85 - b. Let w = -12 - -6. Give z(w).
0
Let n(g) = -g**2 - 5*g + 6. Let x(i) be the first derivative of 2 - 2*i**2 + 16*i - 5 + i**2 - 4. Let q be x(11). Calculate n(q).
0
Let c(f) = -f + 1. Let g(h) = 7*h - 14. Let i(x) = 6*c(x) + g(x). What is i(7)?
-1
Let t(n) = 6*n - 2. Let a(l) = 9*l + 13*l + 2 - 29*l. Let d(b) = -5*a(b) - 6*t(b). Suppose -4*c - 14 = -3*w - 0*w, 4*c + 20 = 4*w. Calculate d(w).
-4
Let q(c) = 3*c**3 - 15*c**2 - 56*c - 19. Let a(k) = -2*k**3 + 10*k**2 + 38*k + 13. Let j(z) = 7*a(z) + 5*q(z). Calculate j(7).
-4
Let f(j) = -3*j**2 - j. Let b be f(1). Let a(h) = -h**2 + 163*h + 129*h - 297*h + 2. What is a(b)?
6
Suppose 5*i + 21 = -r, 2*r + 18 = 8*i - 12*i. Let f(d) = 2*d**2 - 4*d + 1. Give f(i).
49
Let b(c) = c**3 + 6*c**2 + 3*c - 6. Let s = 1566 + -1571. Determine b(s).
4
Let y(q) = q**2 - 3*q + 1. Let d = 6 - 2. Let r be y(d). Let u(x) be the first derivative of x**3/3 - 5*x**2/2 - 7*x + 3. Determine u(r).
-7
Let x(h) = h**2 - h - 3. Let o = 501 - 501. Give x(o).
-3
Let s(f) be the second derivative of -f**3/6 - 13*f**2/2 + 134*f. Give s(-7).
-6
Let o(d) be the first derivative of -d**3/3 + 4*d - 230. Let j(s) = -s + 2. Let l be j(4). Let w be ((-1)/(-2) - -1)*l. Give o(w).
-5
Let k = 25 - 22. Let l = k + -23. Let j = l + 22. Let z(v) = -v + 2. Calculate z(j).
0
Let j(s) = 15*s + 55. Let h(y) = 3*y + 3. Let i(r) = 6*h(r) - j(r). What is i(15)?
8
Let y(i) be the second derivative of i**3/6 + 2*i**2 - 92*i. Calculate y(-6).
-2
Let p(o) be the third derivative of o**4/24 + o**3/2 + o**2. Let v(s) = -s**3 + 9*s**2 + 22*s + 3. Let f be v(11). What is p(f)?
6
Let v(m) = -m**3 + 6*m**2 + m - 2. Let c be v(6). Let p(q) = 4*q - 10. Let u be p(c). Suppose -u*o = -4*o + 4. Let r(y) = 4*y - 2. What is r(o)?
-10
Let k(r) = -1. Let c(o) = 3*o - 12. Let g be c(5). Let f(n) = -3 + 1 + g*n - 2*n + 2*n. Let j(t) = -f(t) - 5*k(t). What is j(6)?
-11
Let g be -2*-5*5/(-10)*1. Let s(t) = t**3 + 4*t**2 - 5*t + 3. Calculate s(g).
3
Let y(d) = -d**2 + 6*d + 1. Let k = 57 - 52. Let s be y(k). Let o(h) = -h + 11. Give o(s).
5
Let g(h) = -h**2 + 6 + 0*h + h**2 - h - h**3. Let z(x) = x**3 - 3*x**2 - 5*x + 4. Let a be z(4). Suppose a = -i + 4*i. Calculate g(i).
6
Let d(x) = -2 - 14*x**3 - 7*x - 15*x**3 + 30*x**3 + 4*x**2. What is d(-5)?
8
Let i(x) = -x**3 + 7*x**2 - 5*x + 3. Let k(p) = -p**3 - 21*p**2 + 26*p + 31. Let g be k(-22). Let t = g + 63. Give i(t).
9
Let y(i) = -i**3 - 5*i**2 - 4*i - 2. Suppose -4*v - 2*u = -26, v - 2*u = 4*v - 21. Suppose 2*w - 2*z = -1 - 7, -4*z = 3*w + v. Calculate y(w).
-8
Let r = -16 + 19. Suppose 3 = -3*i - r. Let j(v) be the first derivative of -v**4/4 + v**2 + 2*v + 2. Give j(i).
6
Let f = -67/2 + 34. Let r(z) be the second derivative of -z**2 + 1/6*z**4 - 3*z + f*z**3 - 3/20*z**5 + 0. What is r(2)?
-12
Let u(b) be the third derivative of b**7/5040 + b**6/360 - 11*b**5/60 - 7*b**2. Let z(j) be the third derivative of u(j). Give z(5).
7
Let l(c) be the third derivative of c**7/840 + c**6/90 - c**5/40 - c**4/6 - 8*c**3/3 + 33*c**2. Let p(o) be the first derivative of l(o). Determine p(-4).
8
Let p(h) = -12*h + 4. Let a be p(-2). Let w(n) = -24*n - n**2 - 3 + 0 + a*n. What is w(3)?
0
Suppose 5*s - 2*c + 37 = 0, 7*s = 3*s - 3*c - 25. Let o(k) = -k**3 - 7*k**2 + 4*k + 7. Calculate o(s).
-21
Let m(r) = -3*r - 43. Let i be m(-15). Suppose 2*q = -s - i*s - 15, -15 = q + 3*s. Let v(b) = b**3 + b + 19. Determine v(q).
19
Let s(n) = -n**3 - 19*n**2 - 17*n + 16. Let k be s(-18). Let o(z) = 6*z**3 - 4*z**3 - 1 + 5*z**3 + 2*z + 4*z**2 - 4*z**3. What is o(k)?
-13
Let k(o) be the first derivative of -o**4/6 + 15*o**2/2 + 37. Let i(z) be the second derivative of k(z). Calculate i(-5).
20
Let l(y) = 4*y - 19. Let n(s) = s**3 - 21*s**2 - 44*s - 40. Let u be n(23). Determine l(u).
5
Let u(a) = 7*a**2 - a + 0*a + 6 - 12*a**2 + a**3 - 2*a**2. Give u(7).
-1
Suppose -k - 49 = -2*y, 0 = k - 2 + 7. Let m(x) = x - y*x + 1 + 7*x - 8*x. Give m(-1).
23
Suppose -3*d = 2*w - 7*d - 24, -w = 3*d + 3. Let q(t) = t**2 - 3*t - 14. Give q(w).
4
Let r(i) = 3*i - 28. Let k(z) = -9*z - 162. Let g be k(-19). Calculate r(g).
-1
Let v(g) be the first derivative of 2*g**2 + 4*g**2 + 5 - 5*g**2 + 6*g. Give v(6).
18
Let y(g) = g**3 + 4*g**2 - 137*g - 5*g**3 + 5*g**3 - 5 + 131*g. Give y(-5).
0
Let p be (1 + -9)*12/(-48). Let v(n) = -n**3 - 1 - 6*n**3 - 5*n**2 + 5*n**2 + p*n**2. Calculate v(1).
-6
Let o(u) be the third derivative of -u**4/24 + u**3/2 - 8*u**2. Let r be 24/(-4) + (-1 - -3). Let c be (-52)/(-12) - r/6. Give o(c).
-2
Suppose -4*w + 1327 = 1311. Let p(h) = h**2 - 8*h + 6. Give p(w).
-10
Let y(v) = -v**2 - 10*v + 6. Let m be y(-11). Suppose 3*t = 4*c + 7*t - 12, 0 = 4*c - 5*t - 3. Let s(b) = -2 + 4 - 6*b - b**c - 3 - 1. Determine s(m).
3
Let v(k) = 35 - 11*k**3 - 2*k**2 + 10*k**3 + 4*k - 41 - 4*k**2. Give v(-6).
-30
Let t(y) = -1 - 16*y + y**3 + 20 - 17 - 14*y**2. Calculate t(15).
-13
Let l(i) = 8*i + 1 - 3 - 5 + i. Let r be (-12)/(-3)*(-1 + 20/(-8)). Let n(w) = 4*w - 3. Let f(u) = r*n(u) + 6*l(u). Give f(3).
-6
Let y(u) = -11*u + 4*u**3 + 15 - 4*u**3 + 0*u**3 - 5*u**2 - 5*u**2 + u**3. What is y(11)?
15
Let s(b) = -b**2 - 6*b - 16. Let n(f) = -2*f**2 - 5*f - 17. Let w(h) = -2*n(h) + 3*s(h). Give w(9).
-5
Let q(n) = -2*n**3 - 9*n + 2. Let a(i) = -5*i**3 - 20*i + 5. Let z(k) = 3*a(k) - 7*q(k). Calculate z(3).
-17
Let s(i) = -i**3 + 3*i**2 + 4*i + 5. Let m be 2 + 13/4 + 70/(-56). Determine s(m).
5
Suppose 5*p + 5*g = 3*g + 504, 4*g = 8. Let s be p/30*12/(-10). Let v(o) = -5*o - 1 - 2 + 0*o. Give v(s).
17
Let z = 83 + -77. Suppose 9*d = z*d - 12. Let y(s) = -s - 1. Let k(r) = 8*r + 7. Let g(p) = k(p) + 6*y(p). What is g(d)?
-7
Let z(v) = v**3 - 10*v**2 + 15*v + 12. Let x be z(8). Let s(c) = 6*c - 3 + 3 - 7*c - x. Determine s(-8).
4
Let b(i) = -i**2 + 8*i - 8. Suppose 5*d - 6 - 54 = 0. Let l(s) = 2*s + d - 2*s - 2*s + 3*s. Let a be l(-6). Give b(a).
4
Let g(b) = -1 + 12*b**3 - 32*b**3 - 4*b**2 + 4 + 18*b**3 - b. Let u(v) = -3*v**3 - 8*v**2 - v + 6. Let s(f) = -5*g(f) + 3*u(f). Calculate s(3).
0
Let o(g) = -g**3 + 4*g**2 - 3*g + 5. Suppose 6 = -4*k + d + 17, 2*d + 4 = 2*k. Let b be 1*(-4)/(-3)*k. Determine o(b).
-7
Let j(z) = 3*z - 1. Let i(g) = -g**3 + 7*g - 5. Let f be i(-3). Calculate j(f).
2
Let y(o) = -3 + 3*o - 4*o**2 + 2*o + 3*o**2. Suppose 3*f + 127 = 5*s, 2*s - 15 = -4*f + 41. Let r = 28 - s. What is y(r)?
3
Let h(w) = -w**3 - 10*w**2 - 10*w + 1. Let f(p) = -p**2 - 25*p - 75. Let m be f(-22). Determine h(m).
10
Let x(f) be the first derivative of -f**6/120 + f**5/12 - f**4/6 + f**3 + 3*f**2/2 - 11. Let k(n) be the second derivative of x(n). Determine k(4).
6
Let a(n) = n**2 + 7*n + 6. Let v be a(-5). Let f be (-14)/(-10) + v/10. Let x(p) = 3*p**3 - 2*p**2 + 2*p - 1. What is x(f)?
2
Let y(m) = 19 + 3*m**2 + 9*m - 22 - 2*m**2. Give y(-9).
-3
Let n be (4/10)/((-6)/(-30)). Let x be 2 - (n - (3 - 1)). Suppose m = x*m + 6. Let h(w) = w**3 + 7*w**2 + 6*w - 6. Give h(m).
-6
Let z be (2/(-5))/((-1)/5). Suppose 4*m = 3*y - 1 + 7, -y - z*m - 2 = 0. Let p be y/(-4) + 7/2. Let l(b) = -b + 2. Give l(p).
-2
Let g(f) = 10*f**2 + f. Suppose -85 = 10*b - 27*b. Let v(o) = 3*o - 8. Let u be v(6). Suppose -5*r - b = -u*r. Give g(r).
11
Let y = 5 + -2. Suppose y*b = 5*t + 2, 2 = -0*t - 2*t. Let h(k) = 6*k**2 + 2*k - 3. Let w(a) = 12*a**2 + 5*a - 7. Let x(g) = -7*h(g) + 3*w(g). What is x(b)?
-7
Let u = -94 + 133. Let j(n) = -39 + u + 4*n. Suppose -5*o = 2*q